{"id":2035,"date":"2022-05-09T13:45:10","date_gmt":"2022-05-09T11:45:10","guid":{"rendered":"https:\/\/shop.fifix.fi\/?post_type=product&#038;p=2035"},"modified":"2022-05-09T13:50:24","modified_gmt":"2022-05-09T11:50:24","slug":"veikea-kasilaukku-kesarientoihin","status":"publish","type":"product","link":"https:\/\/shop.fifix.fi\/?product=veikea-kasilaukku-kesarientoihin","title":{"rendered":"Veike\u00e4 k\u00e4silaukku kes\u00e4rientoihin"},"content":{"rendered":"","protected":false},"excerpt":{"rendered":"<p>Keinonahkainen olkalaukku.<\/p>\n<p>Koko n. 26 x 22 x 5cm<\/p>\n<p>Suljetaan vetoketjulla, sis\u00e4vuorissa pieni vetoketjullinen avaintasku.<\/p>\n<p><img loading=\"lazy\" decoding=\"async\" class=\"alignnone size-medium wp-image-2029\" src=\"https:\/\/shop.fifix.fi\/wp-content\/uploads\/2022\/05\/IMG_20220509_143246-187x300.jpg\" alt=\"\" width=\"187\" height=\"300\" srcset=\"https:\/\/shop.fifix.fi\/wp-content\/uploads\/2022\/05\/IMG_20220509_143246-187x300.jpg 187w, https:\/\/shop.fifix.fi\/wp-content\/uploads\/2022\/05\/IMG_20220509_143246-324x520.jpg 324w, https:\/\/shop.fifix.fi\/wp-content\/uploads\/2022\/05\/IMG_20220509_143246-416x668.jpg 416w, https:\/\/shop.fifix.fi\/wp-content\/uploads\/2022\/05\/IMG_20220509_143246.jpg 498w\" sizes=\"auto, (max-width: 187px) 100vw, 187px\" \/><\/p>\n<p>&nbsp;<\/p>\n","protected":false},"featured_media":2028,"template":"","meta":[],"product_brand":[],"product_cat":[15],"product_tag":[25],"class_list":{"0":"post-2035","1":"product","2":"type-product","3":"status-publish","4":"has-post-thumbnail","6":"product_cat-yleinen","7":"product_tag-huutisosasto","9":"first","10":"instock","11":"sold-individually","12":"shipping-taxable","13":"product-type-auction"},"yoast_head":"<!-- This site is optimized with the Yoast SEO plugin v27.4 - https:\/\/yoast.com\/product\/yoast-seo-wordpress\/ -->\n<title>Veike\u00e4 k\u00e4silaukku kes\u00e4rientoihin - Fifix nettipuoti<\/title>\n<meta name=\"robots\" content=\"index, follow, max-snippet:-1, max-image-preview:large, max-video-preview:-1\" \/>\n<link rel=\"canonical\" href=\"https:\/\/shop.fifix.fi\/?product=veikea-kasilaukku-kesarientoihin\" \/>\n<meta property=\"og:locale\" content=\"fi_FI\" \/>\n<meta property=\"og:type\" content=\"article\" \/>\n<meta property=\"og:title\" content=\"Veike\u00e4 k\u00e4silaukku kes\u00e4rientoihin - Fifix nettipuoti\" \/>\n<meta property=\"og:description\" content=\"Keinonahkainen olkalaukku.  Koko n. 26 x 22 x 5cm  Suljetaan vetoketjulla, sis\u00e4vuorissa pieni vetoketjullinen avaintasku.    &nbsp;\" \/>\n<meta property=\"og:url\" content=\"https:\/\/shop.fifix.fi\/?product=veikea-kasilaukku-kesarientoihin\" \/>\n<meta property=\"og:site_name\" content=\"Fifix nettipuoti\" \/>\n<meta property=\"article:publisher\" content=\"https:\/\/fi-fi.facebook.com\/groups\/fifix\/\" \/>\n<meta property=\"article:modified_time\" content=\"2022-05-09T11:50:24+00:00\" \/>\n<meta property=\"og:image\" content=\"https:\/\/shop.fifix.fi\/wp-content\/uploads\/2022\/05\/IMG_20220509_1432132.jpg\" \/>\n\t<meta property=\"og:image:width\" content=\"513\" \/>\n\t<meta property=\"og:image:height\" content=\"800\" \/>\n\t<meta property=\"og:image:type\" content=\"image\/jpeg\" \/>\n<meta name=\"twitter:card\" content=\"summary_large_image\" \/>\n<script type=\"application\/ld+json\" class=\"yoast-schema-graph\">{\"@context\":\"https:\\\/\\\/schema.org\",\"@graph\":[{\"@type\":\"WebPage\",\"@id\":\"https:\\\/\\\/shop.fifix.fi\\\/?product=veikea-kasilaukku-kesarientoihin\",\"url\":\"https:\\\/\\\/shop.fifix.fi\\\/?product=veikea-kasilaukku-kesarientoihin\",\"name\":\"Veike\u00e4 k\u00e4silaukku kes\u00e4rientoihin - Fifix nettipuoti\",\"isPartOf\":{\"@id\":\"https:\\\/\\\/shop.fifix.fi\\\/#website\"},\"primaryImageOfPage\":{\"@id\":\"https:\\\/\\\/shop.fifix.fi\\\/?product=veikea-kasilaukku-kesarientoihin#primaryimage\"},\"image\":{\"@id\":\"https:\\\/\\\/shop.fifix.fi\\\/?product=veikea-kasilaukku-kesarientoihin#primaryimage\"},\"thumbnailUrl\":\"https:\\\/\\\/shop.fifix.fi\\\/wp-content\\\/uploads\\\/2022\\\/05\\\/IMG_20220509_1432132.jpg\",\"datePublished\":\"2022-05-09T11:45:10+00:00\",\"dateModified\":\"2022-05-09T11:50:24+00:00\",\"breadcrumb\":{\"@id\":\"https:\\\/\\\/shop.fifix.fi\\\/?product=veikea-kasilaukku-kesarientoihin#breadcrumb\"},\"inLanguage\":\"fi\",\"potentialAction\":[{\"@type\":\"ReadAction\",\"target\":[\"https:\\\/\\\/shop.fifix.fi\\\/?product=veikea-kasilaukku-kesarientoihin\"]}]},{\"@type\":\"ImageObject\",\"inLanguage\":\"fi\",\"@id\":\"https:\\\/\\\/shop.fifix.fi\\\/?product=veikea-kasilaukku-kesarientoihin#primaryimage\",\"url\":\"https:\\\/\\\/shop.fifix.fi\\\/wp-content\\\/uploads\\\/2022\\\/05\\\/IMG_20220509_1432132.jpg\",\"contentUrl\":\"https:\\\/\\\/shop.fifix.fi\\\/wp-content\\\/uploads\\\/2022\\\/05\\\/IMG_20220509_1432132.jpg\",\"width\":513,\"height\":800},{\"@type\":\"BreadcrumbList\",\"@id\":\"https:\\\/\\\/shop.fifix.fi\\\/?product=veikea-kasilaukku-kesarientoihin#breadcrumb\",\"itemListElement\":[{\"@type\":\"ListItem\",\"position\":1,\"name\":\"Etusivu\",\"item\":\"https:\\\/\\\/shop.fifix.fi\\\/\"},{\"@type\":\"ListItem\",\"position\":2,\"name\":\"KAUPPA\",\"item\":\"https:\\\/\\\/shop.fifix.fi\\\/?page_id=6\"},{\"@type\":\"ListItem\",\"position\":3,\"name\":\"Veike\u00e4 k\u00e4silaukku kes\u00e4rientoihin\"}]},{\"@type\":\"WebSite\",\"@id\":\"https:\\\/\\\/shop.fifix.fi\\\/#website\",\"url\":\"https:\\\/\\\/shop.fifix.fi\\\/\",\"name\":\"Fifix nettipuoti\",\"description\":\"Fifix Europe ry:n nettipuoti\",\"publisher\":{\"@id\":\"https:\\\/\\\/shop.fifix.fi\\\/#organization\"},\"potentialAction\":[{\"@type\":\"SearchAction\",\"target\":{\"@type\":\"EntryPoint\",\"urlTemplate\":\"https:\\\/\\\/shop.fifix.fi\\\/?s={search_term_string}\"},\"query-input\":{\"@type\":\"PropertyValueSpecification\",\"valueRequired\":true,\"valueName\":\"search_term_string\"}}],\"inLanguage\":\"fi\"},{\"@type\":\"Organization\",\"@id\":\"https:\\\/\\\/shop.fifix.fi\\\/#organization\",\"name\":\"Fifix nettipuoti\",\"url\":\"https:\\\/\\\/shop.fifix.fi\\\/\",\"logo\":{\"@type\":\"ImageObject\",\"inLanguage\":\"fi\",\"@id\":\"https:\\\/\\\/shop.fifix.fi\\\/#\\\/schema\\\/logo\\\/image\\\/\",\"url\":\"https:\\\/\\\/shop.fifix.fi\\\/wp-content\\\/uploads\\\/2021\\\/08\\\/nettipuoti.gif\",\"contentUrl\":\"https:\\\/\\\/shop.fifix.fi\\\/wp-content\\\/uploads\\\/2021\\\/08\\\/nettipuoti.gif\",\"width\":400,\"height\":407,\"caption\":\"Fifix nettipuoti\"},\"image\":{\"@id\":\"https:\\\/\\\/shop.fifix.fi\\\/#\\\/schema\\\/logo\\\/image\\\/\"},\"sameAs\":[\"https:\\\/\\\/fi-fi.facebook.com\\\/groups\\\/fifix\\\/\"]}]}<\/script>\n<!-- \/ Yoast SEO plugin. -->","yoast_head_json":{"title":"Veike\u00e4 k\u00e4silaukku kes\u00e4rientoihin - Fifix nettipuoti","robots":{"index":"index","follow":"follow","max-snippet":"max-snippet:-1","max-image-preview":"max-image-preview:large","max-video-preview":"max-video-preview:-1"},"canonical":"https:\/\/shop.fifix.fi\/?product=veikea-kasilaukku-kesarientoihin","og_locale":"fi_FI","og_type":"article","og_title":"Veike\u00e4 k\u00e4silaukku kes\u00e4rientoihin - Fifix nettipuoti","og_description":"Keinonahkainen olkalaukku.  Koko n. 26 x 22 x 5cm  Suljetaan vetoketjulla, sis\u00e4vuorissa pieni vetoketjullinen avaintasku.    &nbsp;","og_url":"https:\/\/shop.fifix.fi\/?product=veikea-kasilaukku-kesarientoihin","og_site_name":"Fifix nettipuoti","article_publisher":"https:\/\/fi-fi.facebook.com\/groups\/fifix\/","article_modified_time":"2022-05-09T11:50:24+00:00","og_image":[{"width":513,"height":800,"url":"https:\/\/shop.fifix.fi\/wp-content\/uploads\/2022\/05\/IMG_20220509_1432132.jpg","type":"image\/jpeg"}],"twitter_card":"summary_large_image","schema":{"@context":"https:\/\/schema.org","@graph":[{"@type":"WebPage","@id":"https:\/\/shop.fifix.fi\/?product=veikea-kasilaukku-kesarientoihin","url":"https:\/\/shop.fifix.fi\/?product=veikea-kasilaukku-kesarientoihin","name":"Veike\u00e4 k\u00e4silaukku kes\u00e4rientoihin - Fifix nettipuoti","isPartOf":{"@id":"https:\/\/shop.fifix.fi\/#website"},"primaryImageOfPage":{"@id":"https:\/\/shop.fifix.fi\/?product=veikea-kasilaukku-kesarientoihin#primaryimage"},"image":{"@id":"https:\/\/shop.fifix.fi\/?product=veikea-kasilaukku-kesarientoihin#primaryimage"},"thumbnailUrl":"https:\/\/shop.fifix.fi\/wp-content\/uploads\/2022\/05\/IMG_20220509_1432132.jpg","datePublished":"2022-05-09T11:45:10+00:00","dateModified":"2022-05-09T11:50:24+00:00","breadcrumb":{"@id":"https:\/\/shop.fifix.fi\/?product=veikea-kasilaukku-kesarientoihin#breadcrumb"},"inLanguage":"fi","potentialAction":[{"@type":"ReadAction","target":["https:\/\/shop.fifix.fi\/?product=veikea-kasilaukku-kesarientoihin"]}]},{"@type":"ImageObject","inLanguage":"fi","@id":"https:\/\/shop.fifix.fi\/?product=veikea-kasilaukku-kesarientoihin#primaryimage","url":"https:\/\/shop.fifix.fi\/wp-content\/uploads\/2022\/05\/IMG_20220509_1432132.jpg","contentUrl":"https:\/\/shop.fifix.fi\/wp-content\/uploads\/2022\/05\/IMG_20220509_1432132.jpg","width":513,"height":800},{"@type":"BreadcrumbList","@id":"https:\/\/shop.fifix.fi\/?product=veikea-kasilaukku-kesarientoihin#breadcrumb","itemListElement":[{"@type":"ListItem","position":1,"name":"Etusivu","item":"https:\/\/shop.fifix.fi\/"},{"@type":"ListItem","position":2,"name":"KAUPPA","item":"https:\/\/shop.fifix.fi\/?page_id=6"},{"@type":"ListItem","position":3,"name":"Veike\u00e4 k\u00e4silaukku kes\u00e4rientoihin"}]},{"@type":"WebSite","@id":"https:\/\/shop.fifix.fi\/#website","url":"https:\/\/shop.fifix.fi\/","name":"Fifix nettipuoti","description":"Fifix Europe ry:n nettipuoti","publisher":{"@id":"https:\/\/shop.fifix.fi\/#organization"},"potentialAction":[{"@type":"SearchAction","target":{"@type":"EntryPoint","urlTemplate":"https:\/\/shop.fifix.fi\/?s={search_term_string}"},"query-input":{"@type":"PropertyValueSpecification","valueRequired":true,"valueName":"search_term_string"}}],"inLanguage":"fi"},{"@type":"Organization","@id":"https:\/\/shop.fifix.fi\/#organization","name":"Fifix nettipuoti","url":"https:\/\/shop.fifix.fi\/","logo":{"@type":"ImageObject","inLanguage":"fi","@id":"https:\/\/shop.fifix.fi\/#\/schema\/logo\/image\/","url":"https:\/\/shop.fifix.fi\/wp-content\/uploads\/2021\/08\/nettipuoti.gif","contentUrl":"https:\/\/shop.fifix.fi\/wp-content\/uploads\/2021\/08\/nettipuoti.gif","width":400,"height":407,"caption":"Fifix nettipuoti"},"image":{"@id":"https:\/\/shop.fifix.fi\/#\/schema\/logo\/image\/"},"sameAs":["https:\/\/fi-fi.facebook.com\/groups\/fifix\/"]}]}},"jetpack_sharing_enabled":true,"_links":{"self":[{"href":"https:\/\/shop.fifix.fi\/index.php?rest_route=\/wp\/v2\/product\/2035","targetHints":{"allow":["GET"]}}],"collection":[{"href":"https:\/\/shop.fifix.fi\/index.php?rest_route=\/wp\/v2\/product"}],"about":[{"href":"https:\/\/shop.fifix.fi\/index.php?rest_route=\/wp\/v2\/types\/product"}],"wp:featuredmedia":[{"embeddable":true,"href":"https:\/\/shop.fifix.fi\/index.php?rest_route=\/wp\/v2\/media\/2028"}],"wp:attachment":[{"href":"https:\/\/shop.fifix.fi\/index.php?rest_route=%2Fwp%2Fv2%2Fmedia&parent=2035"}],"wp:term":[{"taxonomy":"product_brand","embeddable":true,"href":"https:\/\/shop.fifix.fi\/index.php?rest_route=%2Fwp%2Fv2%2Fproduct_brand&post=2035"},{"taxonomy":"product_cat","embeddable":true,"href":"https:\/\/shop.fifix.fi\/index.php?rest_route=%2Fwp%2Fv2%2Fproduct_cat&post=2035"},{"taxonomy":"product_tag","embeddable":true,"href":"https:\/\/shop.fifix.fi\/index.php?rest_route=%2Fwp%2Fv2%2Fproduct_tag&post=2035"}],"curies":[{"name":"wp","href":"https:\/\/api.w.org\/{rel}","templated":true}]}}